 -13. What are the prime factors of (-10)/4*14/j?
7
Let l be 16/(-9) - 12/54. Let n be (1 + l)/((-1)/10). Suppose -x = 5*z - 13, n = 2*z - x + 2. What are the prime factors of z?
3
Let q be (-3 + 5)/4*0. Suppose w = -w + 4*u + 60, w + 3*u - 5 = q. List the prime factors of w.
2, 5
Suppose -3*c = -6*c + 108. List the prime factors of c.
2, 3
Let h be ((-2)/(-2))/(-4 + 5). Let a = -1 - h. What are the prime factors of (1 - -7)*(-3)/a?
2, 3
Let s = 1 + -11. Let n = 18 + s. Let i = -1 + n. What are the prime factors of i?
7
Let m be (0 + -1)*(-6)/1. Let n be 1 + -3 - 10/(-2). Let c = m - n. List the prime factors of c.
3
Suppose 2*g + 19 = -5*x, 0 = -3*x + 4*x + 3. List the prime factors of (g/(-3))/((-8)/(-108)).
3
List the prime factors of 2/(-10) + 630/25.
5
Let h(u) = -10*u + 63. What are the prime factors of h(-10)?
163
Suppose 3*s - 8*s - 25 = 0, -3*q + 5*s = -79. List the prime factors of q.
2, 3
Suppose -2*v = -5*j + j - 8, -5*v + 3*j = -6. Suppose -2*k + 7*k - 20 = v. List the prime factors of k.
2
Let m = -1 + 1. Suppose 40 = i - m. Suppose -5*l - 5*g = -i, -4*l + 3*l + 12 = 2*g. List the prime factors of l.
2
Suppose 5*w - 16 = 14. Suppose 0 = -5*k - w + 21. Let b = 1 + k. List the prime factors of b.
2
Suppose -2*j + 14 = 2*z, 4*j + z = -8 + 21. Suppose -2*l + 1 = b, j*b + 0*b = -3*l + 3. List the prime factors of b.
3
Suppose 4*d = -4*z + d + 119, -4*z + 140 = -4*d. List the prime factors of z.
2
Let s(n) = n**3 + 4*n**2 + 5*n + 3. Let x be s(-3). Let h(c) = 3 + 0 - 1 - c. List the prime factors of h(x).
5
Let t = -25 + 54. List the prime factors of t.
29
Let y = 6 + -2. Suppose y*a + 20 = -j, -a = -0*a - 5*j - 16. Let x = a - -9. List the prime factors of x.
5
Suppose -20*c - 1532 = -10252. List the prime factors of c.
2, 109
Suppose -19*q + 22*q = 255. List the prime factors of q.
5, 17
Let h(w) = 11*w**2 - 22*w. List the prime factors of h(5).
3, 5, 11
Suppose n + i + 6 = 0, 0 = -5*i - 4 - 21. Let d be -1 - (-1 + -13 + n). Let u = 24 - d. What are the prime factors of u?
2, 5
Let x(o) = -o**3 + 10*o**2 + 4*o + 12. List the prime factors of x(8).
2, 43
What are the prime factors of ((-9)/6*2 - -108) + -1?
2, 13
Let i(h) = h**2 + 3*h. Let k = 0 - 4. List the prime factors of i(k).
2
List the prime factors of (-467)/(-15) - (-14)/(-105).
31
Suppose 0 = -56*u + 60*u - 332. List the prime factors of u.
83
Suppose 4*v + 28 = -6*w + 2*w, 0 = -3*v + w - 9. Let z = -2 - v. List the prime factors of z/(-8) - 42/(-8).
5
Suppose 2*n - 359 = 135. List the prime factors of n.
13, 19
Let c(i) = -i**3 + 5*i**2 - 3*i. What are the prime factors of c(4)?
2
Suppose 0*q - 2*q + 10 = 0. Suppose s - 2*k + 3*k = 28, -q*k + 8 = s. What are the prime factors of s?
3, 11
Suppose z + 6 = 6. Suppose y + 4*o - 36 = -3*y, -5*o + 5 = 0. Let d = y - z. List the prime factors of d.
2
List the prime factors of ((-22)/3)/(0 - 2/21).
7, 11
Suppose 0 = -4*r + 12. Suppose -r*w + 13 = -29. List the prime factors of w.
2, 7
Let w(f) = 7*f - 33. What are the prime factors of w(20)?
107
Let i(g) = g**3 + g**2 - 1. Let m be i(1). List the prime factors of (2 + 1 - m) + 15.
17
What are the prime factors of ((-94)/2)/(2/(-4))?
2, 47
Let b(n) = 0 - 2 - 11*n**2 + 13*n**2 - n. List the prime factors of b(2).
2
Suppose 0 = -5*w - 2 + 17. Suppose w = 4*n - 45. List the prime factors of n.
2, 3
Suppose -2*h + 2*f = -h - 15, -24 = -h - f. What are the prime factors of h?
3, 7
Suppose 2 = -5*f + 12. Suppose p - 4*n = 24, 3*p + f*n = -3*n + 4. What are the prime factors of p?
2
Suppose -5*n + 88 = -527. List the prime factors of n.
3, 41
Suppose 2*n + 9 = o - 5, o + 2 = -2*n. Let t(j) = 2*j**2 - 8*j - 1. List the prime factors of t(o).
23
List the prime factors of -40*(-1 + 45/(-20)).
2, 5, 13
Suppose -3*m + 3 = -0*m. Let u = 3 - m. What are the prime factors of u?
2
Let q be (-6)/15 + 76/(-10). Let l = q - -11. Suppose -l*v = -4*v + 2. What are the prime factors of v?
2
Suppose 5*k = 3*k - 4. Let a = 9 + -5. Let r = k + a. List the prime factors of r.
2
Let g(h) = 5*h - 7. What are the prime factors of g(3)?
2
Let x(y) = y**2 - 4*y - 7. List the prime factors of x(-6).
53
Suppose -m - 5 = -15. Let l be (-65)/(-25) - (-4)/m. Suppose y + l*n = 0, 28 = -y + 4*y - 5*n. What are the prime factors of y?
2, 3
Let x(u) be the first derivative of -u**3/3 + 7*u**2/2 + 10*u - 1. Let q be x(8). Suppose 0 = 4*p - 3*y + 4, 2*p - 4*y - q = -14. List the prime factors of p.
2
Suppose 0 = -4*q + 4*l - l + 1, -3*q - 2*l + 5 = 0. Let v be (-2)/(q - 21/15). Suppose -c = 2*p + 6, 3*p = -v*c - 2*p - 10. What are the prime factors of c?
2
Suppose 6*o = 8*o - 734. What are the prime factors of o?
367
Let d(t) = 4*t + 5. Let y be d(3). Suppose 0 = 4*w + 1 - y. What are the prime factors of w?
2
Let v = 9 + 35. List the prime factors of v.
2, 11
Let y be ((-1)/(-2))/(1/14). Let g(h) = -1 - 3 - h**3 + h - 7*h + y*h**2. What are the prime factors of g(5)?
2
Let t = 501 - 281. Suppose 7*b = 12*b - t. What are the prime factors of b?
2, 11
Let m(b) = b**3 + 4*b**2 + 2*b - 1. Let c be m(-3). Let g = 21 + c. List the prime factors of g/2 + 2/(-4).
11
Let x = 28 + 24. What are the prime factors of x?
2, 13
Let o(q) = 10*q - 23. What are the prime factors of o(17)?
3, 7
Suppose -4*g + 2 = s - 4, 5*g - 16 = 3*s. Let l be 1 + -2 + 1*s. Let v = -1 - l. List the prime factors of v.
2
List the prime factors of (-4230)/(-6)*(-2)/(-5).
2, 3, 47
Let b = 237 - 162. List the prime factors of b.
3, 5
Let h(i) be the first derivative of -2*i**2 + 9*i + 5. List the prime factors of h(-5).
29
List the prime factors of (4/3)/(3*(-6)/(-1593)).
2, 59
Let s = -10 - -16. Suppose -s*c - 64 = -11*c - 4*f, 4*c + 3*f = 52. List the prime factors of c.
2
Suppose 3*s - 5*s = -78. Suppose -15 = 3*t - s. What are the prime factors of t?
2
Suppose -w - 100 = -2*w. Suppose 0 = 2*z - 7*z + w. What are the prime factors of z?
2, 5
Let g(i) = i**2 + 1. Let o be g(0). What are the prime factors of 21 - 2 - o*-2?
3, 7
Let t = -10 + 13. Suppose 2*z + t - 15 = 0. List the prime factors of z.
2, 3
Let j = 40 + 16. Suppose 6*h - 2*h = j. List the prime factors of h.
2, 7
Suppose 7*i - 1253 = 266. What are the prime factors of i?
7, 31
Suppose -84*g - 670 = -89*g. List the prime factors of g.
2, 67
What are the prime factors of -2 + 1 + 102 + 0/2?
101
Let i be 237/(-21) + (-2)/(-7). Let z = i + 20. List the prime factors of z.
3
Suppose v = -2*v + 24. Let p = 4 + -7. Let x = p + v. List the prime factors of x.
5
Suppose 1148 = 30*k - 16*k. List the prime factors of k.
2, 41
Let n(d) = d**3 + 9*d**2 - 11*d - 6. Let g be n(-10). What are the prime factors of (-1 - -4) + g + 15?
2, 11
List the prime factors of (32/(-6))/(5/(-180)).
2, 3
Let f be (4/6)/(2/9). Suppose 0 = 2*q + f*r - 11, r = 4*q + 20 - 7. What are the prime factors of ((-1 - q) + 1)*5?
2, 5
Suppose 3 - 51 = -4*r. List the prime factors of (-4)/r + (-110)/(-6).
2, 3
Let q(s) = -11*s**3. Suppose -5*u + r - 88 = -r, 5*u + 85 = 5*r. Let a be ((-12)/u)/((-4)/6). List the prime factors of q(a).
11
Let y(x) = 4*x + 22. What are the prime factors of y(13)?
2, 37
Let x(y) = -y**3 + 7*y**2 - 8*y + 4. Let d = -11 + 6. Let q be (d/2)/((-1)/2). List the prime factors of x(q).
2, 7
Let f = -15 + 17. Suppose -2*c - 2*w = -4, 1 + 1 = -f*w. List the prime factors of c.
3
What are the prime factors of 22/1*(-9)/(-9)?
2, 11
Suppose 0*q + 4*q = 72. List the prime factors of q.
2, 3
Suppose -j = -6*j. Suppose -i - 5*p - 17 = j, -2*p - 14 = -5*i + 9. List the prime factors of i.
3
Suppose -4 = -4*p + 3*p. Let t = p - 1. Suppose -t*n + 4*v = -8, -v - 3 = -4*n + 3*n. What are the prime factors of n?
2
Let d(v) be the second derivative of 7*v**3/6 + v**2/2 + 4*v. What are the prime factors of d(4)?
29
What are the prime factors of 85/4 + (-10)/40?
3, 7
Suppose 4*n - 22 = 10. Let q = 9 + -4. Suppose -q*g - 2*o + 7 + 4 = 0, -4*o = n. List the prime factors of g.
3
Let z(f) = -f**2 - 8*f + 15. What are the prime factors of z(-7)?
2, 11
Suppose 0 = v - 4 - 8. Let f(o) = o**3 - 2 - 8*o**2 + 13*o + v - 5*o**2. What are the prime factors of f(12)?
2, 11
Suppose -73 = -2*o + w, -3*o + 2*w + 105 = -w. List the prime factors of o.
2, 19
Let a be 1*(-1)/2*-78. Suppose -4*f + a = -f. List the prime factors of f.
13
Let g = 2